 prime number?
False
Is 49771429 composite?
False
Is 55949 composite?
False
Is 70125203 a prime number?
False
Is 4714657 composite?
False
Is 1179031 composite?
True
Is 1095373 composite?
True
Is 1018841 composite?
True
Is 148197941 a prime number?
False
Is 11665469 composite?
True
Is 127445767 a prime number?
True
Is 106148683 prime?
True
Is 309317027 composite?
False
Is 66971747 a composite number?
True
Is 27282103 a prime number?
False
Is 1898623 prime?
False
Is 648367 prime?
False
Is 595865489 a composite number?
False
Is 837391 prime?
False
Is 1830677 a composite number?
False
Is 20685919 a prime number?
True
Is 2127929 composite?
True
Is 157215977 a composite number?
False
Is 4103669 prime?
False
Is 768041 composite?
False
Is 25986937 composite?
False
Is 1662191 composite?
False
Is 579454637 prime?
False
Is 1517357 prime?
False
Is 69314911 prime?
False
Is 66475127 a composite number?
False
Is 16068251 prime?
True
Is 6457363 prime?
False
Is 11467 composite?
False
Is 145695031 a prime number?
False
Is 46413709 prime?
True
Is 27939713 a composite number?
False
Is 120976871 a composite number?
False
Is 149063081 prime?
True
Is 22859491 a composite number?
True
Is 876492863 composite?
False
Is 224027 prime?
True
Is 21309571 a prime number?
True
Is 1278287 prime?
True
Is 23209 a composite number?
False
Is 1204583 a composite number?
False
Is 34015118 a prime number?
False
Is 196239895 a composite number?
True
Is 46066301 composite?
True
Is 32738441 a prime number?
False
Is 3598691 a prime number?
True
Is 17724943 a prime number?
True
Is 4615769 a prime number?
False
Is 10262377 composite?
False
Is 147173977 a prime number?
False
Is 160253 prime?
True
Is 390463 composite?
False
Is 110851933 composite?
True
Is 4358203 a composite number?
False
Is 5655389 a prime number?
False
Is 648191 a prime number?
True
Is 141648079 a prime number?
True
Is 230285623 prime?
True
Is 183779 a prime number?
False
Is 231366773 a composite number?
True
Is 112100063 a prime number?
True
Is 20993441 a prime number?
False
Is 342779 prime?
False
Is 87039373 a prime number?
True
Is 1064327 a composite number?
True
Is 6292073 a prime number?
True
Is 73626871 prime?
False
Is 268313411 a composite number?
False
Is 132042517 composite?
True
Is 353585 a prime number?
False
Is 4550563 composite?
False
Is 903797 a composite number?
True
Is 15446551 prime?
True
Is 5391871 a composite number?
True
Is 39323111 a prime number?
False
Is 1136951 prime?
True
Is 99681431 prime?
True
Is 10151243 prime?
False
Is 891797 composite?
False
Is 1640927 composite?
False
Is 37185547 prime?
False
Is 4200239 composite?
False
Is 2978701 prime?
False
Is 16807253 a composite number?
True
Is 187000049 composite?
True
Is 173253947 composite?
True
Is 225012929 a prime number?
True
Is 10953862 a prime number?
False
Is 12495253 prime?
True
Is 555983 a prime number?
False
Is 13109743 a composite number?
True
Is 1359769 composite?
False
Is 182467 a composite number?
False
Is 101538761 a composite number?
True
Is 2690507 composite?
False
Is 187442789 a composite number?
True
Is 185200937 a prime number?
True
Is 51373853 a composite number?
True
Is 107981 composite?
False
Is 7228631 composite?
False
Is 14082077 composite?
True
Is 544066697 prime?
True
Is 271697249 prime?
True
Is 8084693 a prime number?
False
Is 79689949 a composite number?
False
Is 549831871 composite?
False
Is 389317 a composite number?
True
Is 15412967 composite?
True
Is 39738602 composite?
True
Is 7947659 a composite number?
True
Is 6343163 a prime number?
True
Is 5809931 composite?
False
Is 4052733 prime?
False
Is 182761 composite?
True
Is 200695277 a prime number?
False
Is 39997469 composite?
False
Is 3804623 prime?
True
Is 17236409 prime?
True
Is 326463509 composite?
False
Is 3194459 a prime number?
True
Is 12909914 composite?
True
Is 13258381 prime?
True
Is 26443951 a prime number?
False
Is 21605693 composite?
False
Is 4785647 a prime number?
True
Is 868504543 composite?
False
Is 10435 composite?
True
Is 38768231 composite?
False
Is 5971027 a prime number?
True
Is 40809089 prime?
False
Is 7556431 a prime number?
True
Is 392724323 composite?
True
Is 166033 a composite number?
True
Is 67749089 prime?
True
Is 61570657 a prime number?
True
Is 285937 composite?
False
Is 18816397 prime?
True
Is 181661281 prime?
True
Is 82318771 prime?
False
Is 43146317 prime?
True
Is 40005083 a prime number?
False
Is 1707779 a prime number?
True
Is 22837027 prime?
True
Is 503417669 prime?
False
Is 20740217 composite?
False
Is 17001631 a composite number?
False
Is 9558253 a prime number?
True
Is 389304677 a composite number?
False
Is 5606261 a prime number?
True
Is 378379 prime?
True
Is 353555729 a prime number?
False
Is 14716133 prime?
True
Is 22884461 a composite number?
False
Is 149603 a composite number?
False
Is 682901 prime?
True
Is 289968781 prime?
True
Is 16050049 a composite number?
False
Is 463193 a composite number?
True
Is 3249629 composite?
False
Is 554196431 a prime number?
False
Is 1090681645 composite?
True
Is 255043 prime?
True
Is 396237677 prime?
False
Is 176387509 a composite number?
False
Is 233879 composite?
False
Is 29227349 a composite number?
False
Is 2259611 a composite number?
True
Is 10063187 composite?
True
Is 45647813 composite?
False
Is 86292403 prime?
True
Is 19120663 composite?
True
Is 114739147 prime?
False
Is 3644335 composite?
True
Is 5448983 a prime number?
False
Is 16375927 composite?
False
Is 452243 composite?
True
Is 9329783 prime?
True
Is 32291591 a prime number?
False
Is 3218897 a prime number?
False
Is 68293817 prime?
False
Is 484543243 composite?
False
Is 14933729 a prime number?
True
Is 3195839 prime?
True
Is 16517359 composite?
False
Is 1959733 a prime number?
False
Is 39111211 composite?
False
Is 4566553 a composite number?
False
Is 10094683 prime?
True
Is 473056417 prime?
True
Is 1655074 prime?
False
Is 11600987 a prime number?
False
Is 6558283 a composite number?
False
Is 117349667 composite?
True
Is 95280981 composite?
True
Is 13926013 composite?
False
Is 1636181 a prime number?
True
Is 22052449 a composite number?
True
Is 6545207 composite?
True
Is 4627261 a prime number?
False
Is 1220609 a prime number?
False
Is 1731713 a composite number?
True
Is 6566279 composite?
True
Is 28885183 composite?
False
Is 9696961 composite?
True
Is 7200899 a prime number?
True
Is 1732109 prime?
True
Is 18262945 a composite number?
True
Is 27354017 a prime number?
True
Is 16650623 prime?
False
Is 336491 a composite number?
False
Is 6600721 composite?
False
Is 69465437 a prime number?
True
Is 106773781 a composite number?
False
Is 5563219 a prime number?
False
Is 1630039 a prime number?
False
Is 41549917 composite?
True
Is 24944455 composite?
True
Is 5793871 composite?
False
Is 239127937 composite?
False
Is 292710379 composite?
True
Is 47925173 composite?
True
Is 610397 composite?
True
Is 6265209 a composite number?
True
Is 4295563 composite?
False
Is 9642523 a composite number?
True
Is 875639 a prime number?
False
Is 12290281 a prime number?
True
Is 16749281 a prime number?
False
Is 5444149 composite?
False
Is 405908189 composite?
False
Is 618883 composite?
False
Is 1852771 a composite number?
False
Is 3792239 a prime number?
False
Is 6354449 a composite number?
False
Is 15731593 a composite number?
True
Is 1220410871 a composite number?
False
Is 753997 composite?
True
Is 1863247 composite?
False
Is 18994817 composite?
False
Is 17728999 a composite number?
True
Is 52021861 a prime number?
False
Is 72379709 a prime number?
True
Is 653 a composite number?
False
Is 971885 a prime number?
False
Is 562334378 composite?
True
Is 30353549 a composite number?
True
Is 52243523 composite?
False
Is 5972361 a composite number?
True
Is 670951 a prime number?
True
Is 5777213 a prime number?
False
Is 165090347 a composite number?
True
Is 14552371 a prime number?
True
Is 15869741 prime?
True
Is 23172613 composite?
False
Is 68119991 composite?
False
Is 137297909 a prime number?
False
Is 10100663 prime?
False
Is 558517 a composite number?
True
Is 17390549 a prime number?
False
Is 20586953 prime?
True
Is 193268947 prime?
True
Is 1036743 composite?
True
Is 460082741 a composite number?
True
Is 34411319 prime?
False
Is 26210491 a composite number